re the prime factors of d(7)?
5, 1259
What are the prime factors of -12 - 5 - (0 - 24011)?
2, 3, 31, 43
Let w(k) = 7*k**3 + k**2 + 2. Let a be w(-2). Let g = -7948 - -8052. Let y = g - a. What are the prime factors of y?
2, 7, 11
Let j = 972 + -968. Let q be (1 - 499)*1/(-2). Suppose -j*p - 25 = -q. What are the prime factors of p?
2, 7
Suppose -2*j - 3*h + 30359 = 0, -3*h = 3*j - 7*j + 60673. List the prime factors of j.
2, 3793
Let a = 1226 - -1561. List the prime factors of a.
3, 929
Suppose -y = -4*x + 239, x = 3*x - 4. Let l = 110 - y. List the prime factors of l.
11, 31
Suppose 47*g - 38*g = 4095. Suppose -452*a = -g*a + 5331. What are the prime factors of a?
1777
Let h be -4*4/(40/935). Let z = -258 - h. List the prime factors of z.
2, 29
Suppose -38879 = -4*z - 3*f, -12*f + 7*f = -z + 9691. List the prime factors of z.
2, 7, 347
Let q(s) be the second derivative of 3*s**4/4 + 7*s**3/3 - 15*s**2/2 + 5*s. List the prime factors of q(-7).
2, 41
Let n(y) = -480*y + 3056. List the prime factors of n(-39).
2, 1361
Let f(s) = -s**3 + 22*s**2 + s - 8. Let r be f(22). Suppose -59 = -3*y + 5*p + r, 4*p + 8 = 0. What are the prime factors of (3*-1 - (19 - y)) + 189?
2, 47
Let p be -1 - (-6 + 3 + -1). Suppose -5*m + 348 = 4*y, y = -5*m + p*y + 336. Let w = m + -50. What are the prime factors of w?
2, 3
Let m = -40208 + 61637. List the prime factors of m.
3, 2381
Suppose -14*q = 13505 - 1086 - 68783. What are the prime factors of q?
2, 3, 11, 61
Suppose 140*b - 144*b = z - 40060, 10015 = b + z. List the prime factors of b.
5, 2003
Let t(c) = 30*c**2 + 42*c - 742. List the prime factors of t(30).
2, 13759
Let t(n) = 137*n**2 - 41*n + 29. Let p be t(7). Suppose -6411 = -14*q + p. List the prime factors of q.
919
Let z be (-114)/266 - ((-4)/(-7) - 0). Let p be 2/(5 - (-515)/(-105)). What are the prime factors of 1 + (3*p - 2/z)?
2, 3, 11
Let q be (-11)/(-3) - (204/18)/17. List the prime factors of -6 + 10 + q + 421.
2, 107
Let n = 142435 - 94682. List the prime factors of n.
17, 53
Let n = -2013 + 7512. What are the prime factors of n?
3, 13, 47
Suppose i + 2*z - 18783 = 0, -573*i + 93969 = -568*i + 4*z. What are the prime factors of i?
3, 2089
Let n(z) = -2*z**2 + 7*z + 9. Let v be n(4). Suppose 3*t - v*t + 16 = 0. What are the prime factors of (34/t - 4)*436?
109
Let y = 7579 + -1704. List the prime factors of y.
5, 47
Suppose 12547 + 28637 + 102036 = 14*k. What are the prime factors of k?
2, 3, 5, 11, 31
List the prime factors of (-5)/(((-1)/7519)/(-7 + 8)).
5, 73, 103
Let p be (-3*1)/(-4 + 3). Suppose -3*l = p*l. Suppose l*h = 2*h - 148. List the prime factors of h.
2, 37
Suppose 3*t + 4*z - 50605 = 0, 13*z - 14*z - 2 = 0. Suppose t - 3991 = 35*b. List the prime factors of b.
2, 23
What are the prime factors of 10037 + 8 + -13 - (4 + -4 + -7)?
10039
Let l(t) = -19*t + 77. Let w be l(4). List the prime factors of -3 - -381*(-4)/(-4)*w.
2, 3, 7
Suppose 0 = -5*s + 2*k + 28700, -4*s + 273 = -5*k - 22670. What are the prime factors of s?
2, 3, 11, 29
Suppose 4*u = -23 + 79. Let c be -14 + u + -1*295. What are the prime factors of (c/10)/((-1)/2)?
59
Let s be ((-22)/(-165) - (-86)/30) + 1. Suppose q = -s*q + 20, 5*j - 1449 = 4*q. List the prime factors of j.
293
Suppose -26*f - 18*f = -5*f - 37713. What are the prime factors of f?
967
Suppose -c - 2*l = 3*c + 100, -2*l = 0. Let t = 40 + c. Let o = t + 13. What are the prime factors of o?
2, 7
Suppose -2*w - 5*c + 25 = 0, -4*c + 15 = 3*w - 5. Let p be w + 2/1*(-5 - -6). Suppose -5*i = n + 2*n - 139, 2*n = -p*i + 86. List the prime factors of n.
2, 19
Let z be 47142/63 - (-2)/(-7). Let x = 1294 - z. What are the prime factors of x?
2, 3, 7, 13
Let o = -25102 + 30614. What are the prime factors of o?
2, 13, 53
Suppose 0 = 9*i + 7*i + 224. Let y(o) = -o**3 - 13*o**2 + 5*o + 34. What are the prime factors of y(i)?
2, 5
Let o be -2 - 2*(41 + -2 - 3). Let a = 8 - o. Suppose 4*l - 22 = a. What are the prime factors of l?
2, 13
Suppose 3*m = f + 5224, -11*f + 20*f = -4*m + 6955. What are the prime factors of m?
1741
What are the prime factors of (2*(-1)/2)/(2 - 175638/87818)?
19, 2311
Let h = 2757 - -1292. What are the prime factors of h?
4049
Suppose 3*x - 4009 = 5*c, -3*c + 3964 = 3*x + c. Suppose -k - k + x = 3*v, -3*k - 1323 = -3*v. List the prime factors of v.
2, 13, 17
Suppose -4*g + 87 + 519 = 5*f, f - 130 = -3*g. Suppose -f*h + 121*h = 1575. What are the prime factors of h?
3, 5, 7
Suppose -200*v + 392204 = -58*v. What are the prime factors of v?
2, 1381
Let n(o) = -2*o**3 + 33*o**2 + 40*o + 29. Let p be n(18). Let d = p - -259. List the prime factors of d.
2, 3
Let x(k) = -2*k**3 + 4*k**2 - 3*k - 5. Let f(l) = -l**3 + 5*l**2 - 3*l - 6. Let g(u) = -5*f(u) + 6*x(u). What are the prime factors of g(-5)?
5, 173
Suppose 296438 = 576*y - 561*y + 96413. What are the prime factors of y?
3, 5, 7, 127
Let h(k) = -1. Let d(w) = 10 + 4*w - 20 - 3*w + 8. Let i(f) = -d(f) - 2*h(f). What are the prime factors of i(-16)?
2, 5
Let c be -4 + -248 - 8/(-2). Let f = 141 + c. Let h = f - -115. List the prime factors of h.
2
Let y = -3699 + 17520. What are the prime factors of y?
3, 17, 271
What are the prime factors of -10 - (-8)/(-8) - -6540?
6529
Suppose 0 = -60*v + 37*v + 374532. List the prime factors of v.
2, 3, 23, 59
Let t be (8/24)/((-2)/(-552)). Let v = t - -27. Suppose 3*s = 2*g - v, g - 3*s = -4*g + 275. List the prime factors of g.
2, 13
Let y = -3403 + 4125. What are the prime factors of y?
2, 19
Suppose 3*q - 256 = 5*b, 4*q = -6*b + 8*b + 108. Let d be -4 + 1 + 2 - 129. Let m = b - d. List the prime factors of m.
2, 5
Let w = 95 - 91. Suppose -n - w = -3*f, 2 - 4 = -3*f + 2*n. Suppose 5*j - 960 = 4*g, j - 7*g + f*g - 192 = 0. What are the prime factors of j?
2, 3
Suppose 6*s - 14 + 56 = 0. Let w be (1 + s)*(-6)/9. Suppose -w*k - 3*u + 45 = -17, k = -3*u + 20. List the prime factors of k.
2, 7
Suppose 7*a + 10*a - 258628 = -21*a. List the prime factors of a.
2, 41, 83
What are the prime factors of 2 - (-5013)/((-12)/(-40)*5)?
2, 11, 19
Let p(l) = 4*l + 50. Let v be p(-5). Let c = 89 + v. What are the prime factors of c?
7, 17
Let p be ((6 - 7) + 2)*4. Suppose -p*a - 89 = -s, -3*a + 5*a - 533 = -5*s. List the prime factors of s.
3, 5, 7
What are the prime factors of ((0 + 1)/1)/(71/813944)?
2, 1433
Let g = 93 + -91. Suppose -n + 18 = 5*x, x = g*n + 3 + 5. What are the prime factors of (9 - 11)/(n/193)?
193
Let a = 6 - 0. Suppose -a*b + 355 + 431 = 0. Let s = 185 - b. What are the prime factors of s?
2, 3
Let f = -39288 + 52585. What are the prime factors of f?
13297
Let d(n) = -n**3 + 3*n**2 + 18*n. Let v be d(6). Suppose 3*a + l = 1536, -3*a + v*l + 3*l = -1536. What are the prime factors of a?
2
Suppose 0 = -101*c + 214*c - 93*c - 80900. What are the prime factors of c?
5, 809
Let u be ((-18)/7)/(96/(-448)). Suppose -z - 49 = t + 3*z, u = 4*z. Let y = 6 - t. What are the prime factors of y?
67
Let f(q) = -34*q + 543. What are the prime factors of f(-65)?
2753
Let s(v) = -6*v + 12*v + 8 + v**2 - 3. Let q be s(5). Let n = -5 + q. What are the prime factors of n?
5, 11
Let h(w) = 731*w**2 - 50*w - 291. What are the prime factors of h(-10)?
73309
Let w(b) = -1598. Let p(u) = -41. Let r(v) = 235*p(v) - 6*w(v). Let a(i) = -i + 1. Let x(g) = 6*a(g) + r(g). What are the prime factors of x(-20)?
79
List the prime factors of 3554*25/(750/315).
3, 7, 1777
Let g = 185 - 78. Let t be g/(-1) - (26 - 27). Let m = 15 - t. What are the prime factors of m?
11
Suppose 81*d = 76*d + 590. Let n = d - 106. What are the prime factors of n?
2, 3
What are the prime factors of 16/2*(18 - 5009/(-4))?
2, 5081
Suppose -5*h - 9*r + 2*r = -49127, -5*r = 20. List the prime factors of h.
3, 29, 113
Let d(b) = 116*b - 118. Let n(m) = 13*m - 13. Let y(v) = -6*d(v) + 52*n(v). What are the prime factors of y(-6)?
2, 19
Let x = -1857 + 9684. List the prime factors of x.
3, 2609
Suppose 3*l - 637 = 1265. Let i be 6 + (-3 - 3) + -422. Let b = i + l. List the prime factors of b.
2, 53
Suppose 4*k = 5*a + 3*k - 3905, 2*a - 1565 = k. Let r = a - 488. What are the prime factors of r?
2, 73
Let o be (-287)/(-7) + (-24)/(-3). Let f be 0 + 2 + -1 + 1. Suppose -f*r - i = -o, 15 = 2*i + i. What are the prime factors of r?
2, 11
Suppose -3*r - 126112 = -